{"id":24,"date":"2013-05-23T15:37:50","date_gmt":"2013-05-23T15:37:50","guid":{"rendered":"http:\/\/cosmic-constellation.de\/?page_id=24"},"modified":"2020-03-05T17:57:21","modified_gmt":"2020-03-05T17:57:21","slug":"biografie","status":"publish","type":"page","link":"http:\/\/cosmic-constellation.de\/?page_id=24","title":{"rendered":"Biografie"},"content":{"rendered":"<p><img loading=\"lazy\" decoding=\"async\" class=\"size-medium wp-image-383 alignright\" src=\"http:\/\/cosmic-constellation.de\/wp-content\/uploads\/2013\/07\/duo_redu-300x199.jpg\" alt=\"duo_redu\" width=\"300\" height=\"199\" srcset=\"http:\/\/cosmic-constellation.de\/wp-content\/uploads\/2013\/07\/duo_redu-300x199.jpg 300w, http:\/\/cosmic-constellation.de\/wp-content\/uploads\/2013\/07\/duo_redu-624x414.jpg 624w, http:\/\/cosmic-constellation.de\/wp-content\/uploads\/2013\/07\/duo_redu.jpg 1024w\" sizes=\"auto, (max-width: 300px) 100vw, 300px\" \/>Das Duo Cosmic Constellation wurde 2009 anl\u00e4sslich des Wettbewerbs Jugend Musizierti von Richard Gl\u00e4ser und Christoph Nonnweiler in Aschaffenburg gegr\u00fcndet. Das Duo hat sich das Ziel gesetzt, sowohl moderne als auch traditionelle Literatur in dieser besonderen Besetzung zu erarbeiten. Richard und Christoph wurden bereits mehrfach bei nationalen und internationalen Wettbewerben ausgezeichnet, so der erste Bundespreis bei &#8222;Jugend Musiziert &#8220; 2011, beide erste Preise bei &#8222;Enrico Mercatali International Guitar Competition&#8220; in der Kategorie Kammermusik sowie den 2. Preis bei Luys Milan Chambermusic competition und den 1. Preis beim internationalen Kammermusikwettbewerb \u201eGerhard Vogt\u201c, Gitarre + 1. Das Ensemble wird durch die Live Music Now- Stiftung Frankfurts gef\u00f6rdert und erhielt das Stipendium des Rotary Clubs der Alten Oper Frankfurts. Sie erhielten bereits mehrere Meisterkurse bei Pablo Marquez, Emmanuel Sejourne und Marta Klimasara. Die beiden Musiker spielen zusammen regelm\u00e4\u00dfig Konzerte im In- und Ausland, bei Musikfestivals wie der Rheinsberger Pfingstwerkstatt neuer Musik. Das Repertoire erstreckt sich von Transkriptionen von J. S. Bach \u00fcber Astor Piazzolla bis hin zu Auftragskompositionen. W\u00e4hrend ihres Studiums haben sie mit Komponisten wie Christopher Brandt, Florian W\u00f6ber, Emmanuel Sejourne und Michael Quell zusammengearbeitet. 2012 wurden sie auf Grund ihres Erfolges eine Radioproduktion mit dem bayerischen Rundfunk durchgef\u00fchrt.<\/p>\n<p><img loading=\"lazy\" decoding=\"async\" class=\"size-medium wp-image-379 alignright\" src=\"http:\/\/cosmic-constellation.de\/wp-content\/uploads\/2013\/08\/Chris_redu-199x300.jpg\" alt=\"Chris_redu\" width=\"199\" height=\"300\" srcset=\"http:\/\/cosmic-constellation.de\/wp-content\/uploads\/2013\/08\/Chris_redu-199x300.jpg 199w, http:\/\/cosmic-constellation.de\/wp-content\/uploads\/2013\/08\/Chris_redu-624x938.jpg 624w, http:\/\/cosmic-constellation.de\/wp-content\/uploads\/2013\/08\/Chris_redu.jpg 681w\" sizes=\"auto, (max-width: 199px) 100vw, 199px\" \/>Christoph Nonnweiler erhielt seinen ersten Gitarrenunterricht im Alter von 6 Jahren an der Gro\ufb02ostheimer Musikschule bei Bernd Nonnweiler. Schon fr\u00fch wurde er von international renommierten K\u00fcnstlern, wie Maximilian Mangold oder Michael Koch unterrichtet. 2011 wurde er Jungstudent bei Prof. Christopher Brandt an der Hochschule f\u00fcr Musik und darstellende Kunst in Frankfurt am Main. Seit dem Wintersemester 2011\/2012 ist er als Vollstudent bei ihm immatrikuliert. Christoph besuchte verschiedene Meisterkurse, bei denen er u.a. von Maximilian Mangold, Prof. Thomas M\u00fcller-Pering, Prof. J\u00fcrgen Rost, Prof. Pablo Marquez und Prof. Luis Orlandini Unterricht erhielt. Auch an verschiedenen Wettbewerben nahm er erfolgreich teil, wie z. B. mehrfacher 1. Preistr\u00e4ger bei Jugend musiziert mit verschiedenen Besetzungen, 1. Preis beim Heinrich Albert Wettbewerb. Im Jahr 2010 gr\u00fcndete er zusammen mit Richard Gl\u00e4ser ein \u00e4u\u00dferst erfolgreiches Duo, aus dem verschiedene erste und zweite Preise, u.a. bei Jugend musiziert, Enrico Mercatali Guitar Competition (Kategorie: Kammermusik) und Kammermusikwettbewerb Luys Milan\u00ec in Spanien hervorgingen. Christoph war Stipendiat der Begabtenf\u00f6rderung der bayerischen Landesregierung und wird seit 2012 von Live Music Now Yehudi Menuhin Frankfurt am Main gef\u00f6rdert.<\/p>\n<p><img loading=\"lazy\" decoding=\"async\" class=\"size-medium wp-image-378 alignright\" src=\"http:\/\/cosmic-constellation.de\/wp-content\/uploads\/2013\/08\/richard_redu-199x300.jpg\" alt=\"richard_redu\" width=\"199\" height=\"300\" srcset=\"http:\/\/cosmic-constellation.de\/wp-content\/uploads\/2013\/08\/richard_redu-199x300.jpg 199w, http:\/\/cosmic-constellation.de\/wp-content\/uploads\/2013\/08\/richard_redu-681x1024.jpg 681w, http:\/\/cosmic-constellation.de\/wp-content\/uploads\/2013\/08\/richard_redu-624x937.jpg 624w, http:\/\/cosmic-constellation.de\/wp-content\/uploads\/2013\/08\/richard_redu.jpg 700w\" sizes=\"auto, (max-width: 199px) 100vw, 199px\" \/>Richard Gl\u00e4ser erhielt seinen ersten Schlagzeugunterricht im Alter von sechs Jahren an der st\u00e4dtischen Musikschule Aschaffenburg bei J\u00f6rg Fabig. 2010 nahm er Unterricht bei Katarzyna Mycka und Prof. Rainer R\u00f6mer als Jungstudent. Bei Rainer R\u00f6mer ist er seit 2011 als Vollstudent in Frankfurt am Main immatrikuliert. Seit 2010 ist er Mitglied des Bundespercussionsensembles &#8222;bundesbeat&#8220; und des Marimbaquartetts &#8222;Marimba Festiva&#8220;. 2010 gr\u00fcndeten Richard und Christoph das Duo mit Schlagzeug und Gitarre anl\u00e4sslich des Wettbewerbs &#8222;Jugend Musiziert&#8220;. Bis zum heutigen Zeitpunkt nahm er an vielen Workshops und Meisterkursen teil, darunter bei Momoko Kamiya, Wolfgang Rihm, dem Ensemble Modern, Shoko Sakai und Christian Dierstein. Richard errang bereits mehrere Preise bei Wettbewerben, so 1. Preise bei &#8222;Jugend Musiziert&#8220;, den 2. Preis beim Internationalen Marimbawettbewerb Wettbewerb in N\u00fcrnberg, mit Christoph Nonnweiler den 1. Preis beim Enrico Mercatali International Guitar Chamber Music Competition und den 2. Preis beim Internationalen Kammermusikwettbewerb Luis Milan in Valencia. Er wird unterst\u00fctzt von der Anton Fahs- Stiftung, Yehudi Menuhin Live Music Now Frankfurt am Main e.V. und der Studienstiftung des deutschen Volkes.<\/p>\n<p>Stand: Mai 2013<\/p>\n","protected":false},"excerpt":{"rendered":"<p>Das Duo Cosmic Constellation wurde 2009 anl\u00e4sslich des Wettbewerbs Jugend Musizierti von Richard Gl\u00e4ser und Christoph Nonnweiler in Aschaffenburg gegr\u00fcndet. Das Duo hat sich das Ziel gesetzt, sowohl moderne als auch traditionelle Literatur in dieser besonderen Besetzung zu erarbeiten. Richard und Christoph wurden bereits mehrfach bei nationalen und internationalen Wettbewerben ausgezeichnet, so der erste Bundespreis [&hellip;]<\/p>\n","protected":false},"author":3,"featured_media":0,"parent":0,"menu_order":0,"comment_status":"closed","ping_status":"closed","template":"","meta":{"spay_email":"","footnotes":""},"class_list":["post-24","page","type-page","status-publish","hentry"],"_links":{"self":[{"href":"http:\/\/cosmic-constellation.de\/index.php?rest_route=\/wp\/v2\/pages\/24","targetHints":{"allow":["GET"]}}],"collection":[{"href":"http:\/\/cosmic-constellation.de\/index.php?rest_route=\/wp\/v2\/pages"}],"about":[{"href":"http:\/\/cosmic-constellation.de\/index.php?rest_route=\/wp\/v2\/types\/page"}],"author":[{"embeddable":true,"href":"http:\/\/cosmic-constellation.de\/index.php?rest_route=\/wp\/v2\/users\/3"}],"replies":[{"embeddable":true,"href":"http:\/\/cosmic-constellation.de\/index.php?rest_route=%2Fwp%2Fv2%2Fcomments&post=24"}],"version-history":[{"count":15,"href":"http:\/\/cosmic-constellation.de\/index.php?rest_route=\/wp\/v2\/pages\/24\/revisions"}],"predecessor-version":[{"id":482,"href":"http:\/\/cosmic-constellation.de\/index.php?rest_route=\/wp\/v2\/pages\/24\/revisions\/482"}],"wp:attachment":[{"href":"http:\/\/cosmic-constellation.de\/index.php?rest_route=%2Fwp%2Fv2%2Fmedia&parent=24"}],"curies":[{"name":"wp","href":"https:\/\/api.w.org\/{rel}","templated":true}]}}