{"id":231,"date":"2013-07-04T16:15:29","date_gmt":"2013-07-04T16:15:29","guid":{"rendered":"http:\/\/cosmic-constellation.de\/?page_id=231"},"modified":"2014-01-26T15:49:08","modified_gmt":"2014-01-26T15:49:08","slug":"christoph-nonnweiler","status":"publish","type":"page","link":"http:\/\/cosmic-constellation.de\/?page_id=231","title":{"rendered":"Christoph Nonnweiler"},"content":{"rendered":"<p><img loading=\"lazy\" decoding=\"async\" class=\" wp-image-379 alignleft\" style=\"line-height: 1.714285714; font-size: 1rem;\" alt=\"Chris_redu\" src=\"http:\/\/cosmic-constellation.de\/wp-content\/uploads\/2013\/08\/Chris_redu.jpg\" width=\"481\" height=\"824\" \/><\/p>\n<p>Christoph Nonnweiler erhielt seinen ersten Gitarrenunterricht im Alter von 6 Jahren an der Gro\u00dfostheimer Musikschule bei Bernd Nonnweiler. 2011 wurde er Jungstudent bei Prof. Christopher Brandt an der Hochschule f\u00fcr Musik und darstellende Kunst in Frankfurt am Main, bei dem er seit dem Wintersemester 2011\/2012  als Vollstudent immatrikuliert ist. Christoph besuchte verschiedene Meisterkurse, bei denen er u.a. von Maximilian Mangold, Prof. Thomas M\u00fcller-Pering, Prof. J\u00fcrgen Rost, Prof. Pablo Marquez und Prof. Luis Orlandini Unterricht erhielt. Erfolgreiche Teilnahmen an verschiedenen Wettbewerben, wie z. B. mehrfacher 1. und 2. Bundespreistr\u00e4ger bei Jugend musiziert mit verschiedenen Besetzungen, 1. Preis beim Heinrich Albert Gitarrenwettbewerb 2011, bekr\u00e4ftigten Ihn zum Studium der Gitarre. Im Jahr 2009 gr\u00fcndete er zusammen mit Richard Gl\u00e4ser ein \u00e4u\u00dferst erfolgreiches Duo, aus dem verschiedene erste und zweite Preise, u.a. bei Jugend musiziert (2011), Enrico Mercatali Guitar Competition Kategorie Kammermusik 2012, Gerhardt-Vogt Kammermusikwettbewerb mit Gitarre (2013) und dem Kammermusikwettbewerb Luys Milan\u00ec (2012) in Spanien hervorgingen.  Christoph war Stipendiat der Begabtenf\u00f6rderung der bayerischen Landesregierung und wird seit 2012 von Live Music Now Yehudi Menuhin Frankfurt am Main gef\u00f6rdert.<\/p>\n<p>&nbsp;<\/p>\n","protected":false},"excerpt":{"rendered":"<p>Christoph Nonnweiler erhielt seinen ersten Gitarrenunterricht im Alter von 6 Jahren an der Gro\u00dfostheimer Musikschule bei Bernd Nonnweiler. 2011 wurde er Jungstudent bei Prof. Christopher Brandt an der Hochschule f\u00fcr Musik und darstellende Kunst in Frankfurt am Main, bei dem er seit dem Wintersemester 2011\/2012 als Vollstudent immatrikuliert ist. Christoph besuchte verschiedene Meisterkurse, bei denen [&hellip;]<\/p>\n","protected":false},"author":3,"featured_media":0,"parent":0,"menu_order":0,"comment_status":"closed","ping_status":"closed","template":"","meta":{"spay_email":"","footnotes":""},"class_list":["post-231","page","type-page","status-publish","hentry"],"_links":{"self":[{"href":"http:\/\/cosmic-constellation.de\/index.php?rest_route=\/wp\/v2\/pages\/231","targetHints":{"allow":["GET"]}}],"collection":[{"href":"http:\/\/cosmic-constellation.de\/index.php?rest_route=\/wp\/v2\/pages"}],"about":[{"href":"http:\/\/cosmic-constellation.de\/index.php?rest_route=\/wp\/v2\/types\/page"}],"author":[{"embeddable":true,"href":"http:\/\/cosmic-constellation.de\/index.php?rest_route=\/wp\/v2\/users\/3"}],"replies":[{"embeddable":true,"href":"http:\/\/cosmic-constellation.de\/index.php?rest_route=%2Fwp%2Fv2%2Fcomments&post=231"}],"version-history":[{"count":12,"href":"http:\/\/cosmic-constellation.de\/index.php?rest_route=\/wp\/v2\/pages\/231\/revisions"}],"predecessor-version":[{"id":453,"href":"http:\/\/cosmic-constellation.de\/index.php?rest_route=\/wp\/v2\/pages\/231\/revisions\/453"}],"wp:attachment":[{"href":"http:\/\/cosmic-constellation.de\/index.php?rest_route=%2Fwp%2Fv2%2Fmedia&parent=231"}],"curies":[{"name":"wp","href":"https:\/\/api.w.org\/{rel}","templated":true}]}}